{"id":1049,"date":"2023-02-14T16:25:04","date_gmt":"2023-02-14T16:25:04","guid":{"rendered":"https:\/\/ergotherapie-kreuztal.de\/?page_id=1049"},"modified":"2023-02-14T16:27:50","modified_gmt":"2023-02-14T16:27:50","slug":"was-solls-sein","status":"publish","type":"page","link":"https:\/\/ergotherapie-kreuztal.de\/?page_id=1049","title":{"rendered":"Was soll\u00b4s sein?"},"content":{"rendered":"\n<p>In beiden Praxen finden Sie die Handtherapie als starken Schwerpunkt mit Schienenbau und vielen Behandlungsmethoden und -Techniken, die man sich so vorstellen kann. Aber auch andere orthop\u00e4dische Krankheistbilder erg\u00e4nzen unsere Repertoire. Durch unsere Erfahrungwerte k\u00f6nnen wir viele Techniken auf andere Strukturen \u00fcbertragen.<\/p>\n\n\n\n<p>Neurologische Patienten werden ebenfalls bei uns behandelt, einige Kollegen haben da ganz besondere Fortbildungen.<\/p>\n\n\n\n<p>In der Kreuztaler Praxis haben wir uns aber seit vielen Jahren auch auf die Behandlung von Kindern spezialisiert und bieten ergotherapeutische Einzelbehandlungen sowie Gruppentherapie bei Konzentrationsst\u00f6rungen an.<\/p>\n\n\n\n<p>St\u00f6bern Sie einfach auf der Homepage&#8230;<\/p>\n\n\n\n<p>Je nach Erkrankung k\u00f6nnen die Kollegen Sie in unterschiedlichster Weise im Alltag und Ihren Zielsetzungen unterst\u00fctzen.<\/p>\n\n\n\n<figure class=\"wp-block-image size-large is-style-default\"><img loading=\"lazy\" decoding=\"async\" width=\"1024\" height=\"1024\" src=\"https:\/\/ergotherapie-kreuztal.de\/wp-content\/uploads\/2021\/07\/P1190374-scaled-e1625109980720-1024x1024.jpg\" alt=\"\" class=\"wp-image-905\" srcset=\"https:\/\/ergotherapie-kreuztal.de\/wp-content\/uploads\/2021\/07\/P1190374-scaled-e1625109980720-1024x1024.jpg 1024w, https:\/\/ergotherapie-kreuztal.de\/wp-content\/uploads\/2021\/07\/P1190374-scaled-e1625109980720-300x300.jpg 300w, https:\/\/ergotherapie-kreuztal.de\/wp-content\/uploads\/2021\/07\/P1190374-scaled-e1625109980720-150x150.jpg 150w, https:\/\/ergotherapie-kreuztal.de\/wp-content\/uploads\/2021\/07\/P1190374-scaled-e1625109980720-768x768.jpg 768w, https:\/\/ergotherapie-kreuztal.de\/wp-content\/uploads\/2021\/07\/P1190374-scaled-e1625109980720-1536x1536.jpg 1536w, https:\/\/ergotherapie-kreuztal.de\/wp-content\/uploads\/2021\/07\/P1190374-scaled-e1625109980720.jpg 1920w\" sizes=\"auto, (max-width: 1024px) 100vw, 1024px\" \/><\/figure>\n","protected":false},"excerpt":{"rendered":"<p>In beiden Praxen finden Sie die Handtherapie als starken Schwerpunkt mit Schienenbau und vielen Behandlungsmethoden und -Techniken, die man sich so vorstellen kann. Aber auch andere orthop\u00e4dische Krankheistbilder erg\u00e4nzen unsere [&hellip;]<\/p>\n","protected":false},"author":1,"featured_media":779,"parent":0,"menu_order":0,"comment_status":"closed","ping_status":"closed","template":"","meta":{"footnotes":""},"class_list":["post-1049","page","type-page","status-publish","has-post-thumbnail","hentry"],"_links":{"self":[{"href":"https:\/\/ergotherapie-kreuztal.de\/index.php?rest_route=\/wp\/v2\/pages\/1049","targetHints":{"allow":["GET"]}}],"collection":[{"href":"https:\/\/ergotherapie-kreuztal.de\/index.php?rest_route=\/wp\/v2\/pages"}],"about":[{"href":"https:\/\/ergotherapie-kreuztal.de\/index.php?rest_route=\/wp\/v2\/types\/page"}],"author":[{"embeddable":true,"href":"https:\/\/ergotherapie-kreuztal.de\/index.php?rest_route=\/wp\/v2\/users\/1"}],"replies":[{"embeddable":true,"href":"https:\/\/ergotherapie-kreuztal.de\/index.php?rest_route=%2Fwp%2Fv2%2Fcomments&post=1049"}],"version-history":[{"count":2,"href":"https:\/\/ergotherapie-kreuztal.de\/index.php?rest_route=\/wp\/v2\/pages\/1049\/revisions"}],"predecessor-version":[{"id":1053,"href":"https:\/\/ergotherapie-kreuztal.de\/index.php?rest_route=\/wp\/v2\/pages\/1049\/revisions\/1053"}],"wp:featuredmedia":[{"embeddable":true,"href":"https:\/\/ergotherapie-kreuztal.de\/index.php?rest_route=\/wp\/v2\/media\/779"}],"wp:attachment":[{"href":"https:\/\/ergotherapie-kreuztal.de\/index.php?rest_route=%2Fwp%2Fv2%2Fmedia&parent=1049"}],"curies":[{"name":"wp","href":"https:\/\/api.w.org\/{rel}","templated":true}]}}