{"id":57,"date":"2014-10-30T12:49:59","date_gmt":"2014-10-30T10:49:59","guid":{"rendered":"http:\/\/ergotherapie-kreuztal.de\/?page_id=57"},"modified":"2026-03-25T10:23:12","modified_gmt":"2026-03-25T10:23:12","slug":"gruppenangebote","status":"publish","type":"page","link":"https:\/\/ergotherapie-kreuztal.de\/?page_id=57","title":{"rendered":"Gruppentherapie &#8211; Konzentrationstraining"},"content":{"rendered":"\n<p>Wir bieten in der Regel einen Fr\u00fchjahrs- und einen Herbstkurs an.<\/p>\n\n\n\n<p>Bei Interesse k\u00f6nnen Sie gerne unser Kontaktformular ausf\u00fcllen, dort sind auch f\u00fcr uns notwendige Informationen aufgef\u00fchrt. <\/p>\n\n\n\n<p>Wir nehmen Sie dann in unsere Planungsliste mit auf.<\/p>\n\n\n\n<p>Die Durchf\u00fchrung der Gruppe erfolgt nach Anmeldung und wird nach Alter und Schuljahren eingeteilt.<\/p>\n\n\n\n<hr class=\"wp-block-separator has-css-opacity\"\/>\n\n\n\n<h3 class=\"wp-block-heading\" id=\"marburger-konzentrationstraining\"><strong>Marburger Konzentrationstraining<\/strong><\/h3>\n\n\n<div class=\"wp-block-image is-style-default\">\n<figure class=\"alignright\"><a href=\"http:\/\/ergotherapie-kreuztal.de\/wp-content\/uploads\/2014\/10\/MKT-Logo.jpg\"><img decoding=\"async\" src=\"http:\/\/ergotherapie-kreuztal.de\/wp-content\/uploads\/2014\/10\/MKT-Logo.jpg\" alt=\"MKT-Logo\" class=\"wp-image-149\"\/><\/a><\/figure>\n<\/div>\n\n\n<p>Das Marburger Konzentrationstraining (MKT) richtet sich an Kinder, die sich ablenken lassen und nicht selbst\u00e4ndig arbeiten k\u00f6nnen.<br>Im MKT erlernen die Kinder ein Arbeitsverhalten und Strategien, die ihnen erleichtern, konzentriert, systematisch und selbstst\u00e4ndig zu arbeiten. Sie trainieren das sogenannten laute Denken und das innere Sprechen. In spielerischen \u00dcbungen sensibilisieren die Kinder ihre Wahrnehmung.<\/p>\n\n\n\n<p>Da die Methoden in der Gruppe vermittelt werden, erleichtert dies den Kindern nicht nur den Transfer in den Schulalltag, sondern bietet zus\u00e4tzlich viel M\u00f6glichkeiten zur sozialen Auseinandersetzung und \u00dcbung.<\/p>\n\n\n\n<p>Das MKT ist ein wissenschaftlich begleitetes \u00dcbungsprogramm, an dem ca. 5-6 Kinder teilnehmen k\u00f6nnen.<br>Es dauert ca. 90 Minuten an acht Terminen, hinzu kommen zwei Elternabende.<br>Der Kurs beinhaltet \u00dcbungen zum Ruhigwerden, zur Konzentration, Aufgaben zur F\u00f6rderung der Feinmotorik, der Wahrnehmung, Denk- und Erz\u00e4hlspiele.<\/p>\n\n\n\n<p><strong>Kursgeb\u00fchr: 250.- \u20ac<\/strong><\/p>\n\n\n\n<p>Bei Interesse Kontakt unter:<\/p>\n\n\n\n<p><strong>mkt@ergotherapie-kreuztal.de <\/strong>oder in der Praxis<\/p>\n\n\n\n<p>unter <strong>02732\/57319<\/strong><\/p>\n\n\n\n<p>Ihre Ansprechpartnerin: <strong>Jennifer Reuber<\/strong><\/p>\n\n\n\n<p>Unsere Kursleiter sind ausgebildete Trainer mit Zertifikat bei <a href=\"http:\/\/www.marburger-trainings.de\/Fortbildung_MKT_MR.php\" target=\"_blank\" rel=\"noopener\">Marburger Konzentrationstrainer<\/a><\/p>\n\n\n\n<h3 class=\"wp-block-heading\">&nbsp;<\/h3>\n\n\n","protected":false},"excerpt":{"rendered":"<p>Wir bieten in der Regel einen Fr\u00fchjahrs- und einen Herbstkurs an. Bei Interesse k\u00f6nnen Sie gerne unser Kontaktformular ausf\u00fcllen, dort sind auch f\u00fcr uns notwendige Informationen aufgef\u00fchrt. Wir nehmen Sie [&hellip;]<\/p>\n","protected":false},"author":3,"featured_media":0,"parent":0,"menu_order":8,"comment_status":"closed","ping_status":"open","template":"","meta":{"footnotes":""},"class_list":["post-57","page","type-page","status-publish","hentry"],"_links":{"self":[{"href":"https:\/\/ergotherapie-kreuztal.de\/index.php?rest_route=\/wp\/v2\/pages\/57","targetHints":{"allow":["GET"]}}],"collection":[{"href":"https:\/\/ergotherapie-kreuztal.de\/index.php?rest_route=\/wp\/v2\/pages"}],"about":[{"href":"https:\/\/ergotherapie-kreuztal.de\/index.php?rest_route=\/wp\/v2\/types\/page"}],"author":[{"embeddable":true,"href":"https:\/\/ergotherapie-kreuztal.de\/index.php?rest_route=\/wp\/v2\/users\/3"}],"replies":[{"embeddable":true,"href":"https:\/\/ergotherapie-kreuztal.de\/index.php?rest_route=%2Fwp%2Fv2%2Fcomments&post=57"}],"version-history":[{"count":13,"href":"https:\/\/ergotherapie-kreuztal.de\/index.php?rest_route=\/wp\/v2\/pages\/57\/revisions"}],"predecessor-version":[{"id":1208,"href":"https:\/\/ergotherapie-kreuztal.de\/index.php?rest_route=\/wp\/v2\/pages\/57\/revisions\/1208"}],"wp:attachment":[{"href":"https:\/\/ergotherapie-kreuztal.de\/index.php?rest_route=%2Fwp%2Fv2%2Fmedia&parent=57"}],"curies":[{"name":"wp","href":"https:\/\/api.w.org\/{rel}","templated":true}]}}